ultiple of 2395?
True
Is 1508 a factor of 218412688?
True
Is 23571659 a multiple of 9?
False
Does 18 divide 362513784?
False
Is 32227965 a multiple of 11?
True
Is 157 a factor of 1539978774?
True
Is 995 a factor of 153903615?
True
Is 254316392 a multiple of 13?
False
Does 8 divide 105111560?
True
Is 164200283 a multiple of 92?
False
Is 219 a factor of 2958490?
False
Is 67 a factor of 1350336?
False
Does 327 divide 228623675?
False
Does 266 divide 1284495933?
False
Does 123 divide 967202382?
True
Does 1692 divide 453404904?
False
Does 216 divide 69712272?
True
Does 3 divide 12662115?
True
Is 420 a factor of 37649514?
False
Is 2721524336 a multiple of 1192?
True
Is 676 a factor of 244028564?
True
Is 398 a factor of 83075734?
True
Does 4892 divide 1492866096?
False
Is 218 a factor of 261251476?
False
Is 14991176 a multiple of 2995?
False
Is 8 a factor of 11077225?
False
Does 3 divide 6630872?
False
Is 45 a factor of 4194810?
True
Is 1783296 a multiple of 43?
True
Does 10 divide 38049350?
True
Does 20 divide 230305440?
True
Is 7125566 a multiple of 11?
False
Is 27 a factor of 77269106?
False
Is 623255064 a multiple of 3?
True
Is 300 a factor of 16311668?
False
Does 3003 divide 113309196?
True
Is 4108 a factor of 16769077?
False
Is 177184046 a multiple of 1526?
False
Is 44741340 a multiple of 21?
True
Does 3 divide 7777421?
False
Does 61 divide 42584978?
False
Does 1505 divide 226507015?
True
Does 3983 divide 330157330?
False
Is 24 a factor of 40965902?
False
Is 9233120 a multiple of 460?
True
Is 169360802 a multiple of 13?
True
Does 7 divide 20135234?
True
Is 4434986260 a multiple of 685?
False
Is 13 a factor of 370612359?
True
Does 337 divide 125847595?
True
Is 38 a factor of 940438135?
False
Does 194 divide 149692146?
True
Is 17 a factor of 3213901?
True
Is 167665361 a multiple of 37?
False
Is 1849093822 a multiple of 2785?
False
Does 1985 divide 9703669?
False
Does 33 divide 570304680?
True
Is 938612934 a multiple of 378?
True
Is 21 a factor of 11561617?
False
Is 24 a factor of 16338816?
True
Is 28065204 a multiple of 2052?
True
Is 170 a factor of 5750409290?
True
Is 134 a factor of 2016791388?
True
Is 71 a factor of 87336108?
False
Is 15651574 a multiple of 262?
False
Is 1354 a factor of 39087272?
True
Is 378 a factor of 362916288?
True
Is 37683650 a multiple of 1901?
False
Is 79221219 a multiple of 7?
True
Is 1774167531 a multiple of 419?
False
Does 59 divide 958976?
False
Is 379423055 a multiple of 59?
False
Does 68 divide 1883426268?
False
Is 167 a factor of 90222034?
False
Is 7 a factor of 43399936?
False
Is 27854611 a multiple of 33?
False
Is 1755 a factor of 30470310?
True
Is 159737088 a multiple of 107?
False
Is 4142472536 a multiple of 5953?
False
Is 100 a factor of 5860099400?
True
Is 7299832 a multiple of 61?
False
Is 18 a factor of 3966115494?
False
Is 158775111 a multiple of 248?
False
Is 504 a factor of 1841642144?
False
Does 9 divide 367129306?
False
Does 6 divide 8754702?
True
Is 22588464 a multiple of 132?
False
Is 3443738771 a multiple of 19?
True
Is 282 a factor of 6132725628?
True
Is 499103590 a multiple of 10?
True
Is 14 a factor of 203445796?
False
Does 19 divide 57685661?
False
Is 15 a factor of 16694145?
True
Is 11 a factor of 189937088?
True
Is 9457524 a multiple of 36?
True
Is 80 a factor of 65879680?
True
Is 82974770 a multiple of 1514?
True
Does 729 divide 974698?
False
Does 208 divide 103684464?
True
Is 38 a factor of 275834780?
True
Does 282 divide 880536822?
True
Is 18982974 a multiple of 9?
False
Does 84 divide 702784163?
False
Does 1903 divide 70339856?
False
Is 4 a factor of 18515338?
False
Is 106062440 a multiple of 44?
True
Is 4 a factor of 279608732?
True
Is 11223396 a multiple of 18?
True
Is 238 a factor of 74119150?
True
Does 4728 divide 160732293?
False
Is 2 a factor of 35778181?
False
Does 45 divide 278265015?
True
Does 87 divide 3586316?
False
Does 433 divide 138738829?
True
Does 284 divide 2789732?
True
Is 199740240 a multiple of 180?
True
Is 175547460 a multiple of 660?
True
Does 287 divide 76325928?
True
Is 284 a factor of 50106120?
True
Does 2243 divide 2484104556?
True
Is 3391030341 a multiple of 9?
True
Does 650 divide 124298200?
True
Is 1495274289 a multiple of 1110?
False
Is 14 a factor of 5642786296?
True
Does 556 divide 339489708?
True
Is 33 a factor of 149443501?
False
Does 90 divide 972720?
True
Is 3 a factor of 64273902?
True
Is 7 a factor of 592220055?
True
Is 804 a factor of 1363525308?
True
Does 9 divide 60634906?
False
Is 7 a factor of 996788?
False
Does 12 divide 58094511?
False
Is 9 a factor of 16176069?
True
Is 3072300290 a multiple of 20?
False
Does 523 divide 799316?
False
Does 613 divide 295213370?
False
Is 807253920 a multiple of 369?
True
Is 635 a factor of 204492860?
True
Is 46436344 a multiple of 533?
False
Does 16 divide 1542070858?
False
Is 111 a factor of 174686881?
False
Is 7 a factor of 987185003?
True
Is 211 a factor of 29255783?
True
Is 4038 a factor of 599155351?
False
Does 34 divide 13681430?
True
Does 20 divide 56359880?
True
Is 306349644 a multiple of 362?
False
Is 6 a factor of 51368828?
False
Is 1078393602 a multiple of 78?
True
Is 20905166 a multiple of 942?
False
Is 7563901 a multiple of 60?
False
Is 121577119 a multiple of 5696?
False
Is 42642678 a multiple of 211?
True
Is 1086870448 a multiple of 13?
False
Is 424985092 a multiple of 188?
True
Does 26 divide 38138622?
False
Is 29 a factor of 3400797462?
True
Is 2081637443 a multiple of 15?
False
Is 45094336 a multiple of 217?
True
Is 164 a factor of 487005708?
True
Does 85 divide 1826322?
False
Is 43038135 a multiple of 47?
True
Is 32361875 a multiple of 65?
True
Is 177239982 a multiple of 2?
True
Is 118409320 a multiple of 116?
True
Is 979155298 a multiple of 14?
False
Is 336 a factor of 58297628?
False
Is 11 a factor of 1026532578?
False
Is 7420518 a multiple of 18?
True
Does 15 divide 2877145320?
True
Does 39 divide 33738549?
True
Does 29 divide 902504359?
False
Does 16 divide 249398865?
False
Does 278 divide 1235158372?
False
Is 11 a factor of 987255693?
False
Is 95968608 a multiple of 6?
True
Does 65 divide 113033718?
False
Is 2914854 a multiple of 289?
True
Is 1404 a factor of 217598940?
True
Is 211633381 a multiple of 14?
False
Is 359 a factor of 12980477?
False
Does 323 divide 7018467?
True
Does 315 divide 48289815?
True
Does 497 divide 454011806?
False
Is 240 a factor of 1306206720?
True
Is 23 a factor of 661128560?
True
Is 995109339 a multiple of 111?
True
Is 417959646 a multiple of 39?
True
Is 35107714 a multiple of 27?
False
Does 301 divide 14734853?
True
Is 1046536990 a multiple of 10?
True
Is 1240771971 a multiple of 17?
False
Is 73 a factor of 790802138?
True
Is 147203655 a multiple of 31?
True
Is 2751 a factor of 318631824?
True
Is 434 a factor of 69036380?
True
Is 209327943 a multiple of 59?
False
Is 967 a factor of 85857996?
True
Does 963 divide 36941959?
False
Is 98 a factor of 39429184?
False
Is 695862548 a multiple of 312?
False
Is 1544 a factor of 567037088?
True
Is 49 a factor of 42525040?
False
Is 6 a factor of 59168154?
True
Does 2 divide 4090007?
False
Is 7187527 a multiple of 6?
False
Is 1219 a factor of 868369645?
False
Is 308 a factor of 520992472?
True
Is 149771237 a multiple of 161?
False
Does 3644 divide 521642348?
False
Is 9 a factor of 175010249?
False
Is 79347600 a multiple of 711?
True
Is 168 a factor of 2061036432?
True
Does 316 divide 78557561?
False
Is 75416836 a multiple of 22?
True
Is 13 a factor of 69184726?
True
Does 105 divide 85920072?
False
Does 16 divide 44431627?
False
Is 34473195 a multiple of 243?
True
Does 110 divide 2805499290?
True
Is 80 a factor of 17034640?
True
Is 362387588 a multiple of 37?
False
Does 32 divide 289965248?
True
Does 12 divide 34581576?
True
Does 19 divide 340148516?
False
Is 589673844 a multiple of 47?
True
Is 112781832 a multiple of 2859?
True
Is 805999 a multiple of 149?
False
Does 7 divide 3273361?
True
Is 4948 a factor of 3472789638?
False
Is 259 a factor of 2522439850?
True
Does 551 divide 872678053?
False
Is 22 a factor of 30075979?
False
Does 88 divide 1036442232?
False
Is 401040259 a multiple of 558?
False
Does 1073 divide 750445588?
False
Is 440535468 a multiple of 92?
True
Is 57 a factor of 534861837?
True
Is 6 a factor of 9